291738?
7
What is the hundred thousands digit of 14544016?
5
What is the units digit of 1353185?
5
What is the ten thousands digit of 306723?
0
What is the hundreds digit of 302834?
8
What is the hundred thousands digit of 1703634?
7
What is the thousands digit of 1317892?
7
What is the units digit of 571430?
0
What is the ten thousands digit of 375187?
7
What is the hundred thousands digit of 1389791?
3
What is the thousands digit of 3622611?
2
What is the hundred thousands digit of 1791500?
7
What is the units digit of 1202505?
5
What is the tens digit of 1092152?
5
What is the tens digit of 19095536?
3
What is the tens digit of 26910297?
9
What is the thousands digit of 376473?
6
What is the thousands digit of 8750042?
0
What is the hundred thousands digit of 175312?
1
What is the hundreds digit of 2090396?
3
What is the units digit of 692333?
3
What is the millions digit of 2081636?
2
What is the tens digit of 155634?
3
What is the hundred thousands digit of 954940?
9
What is the thousands digit of 929835?
9
What is the tens digit of 342194?
9
What is the hundred thousands digit of 7463004?
4
What is the thousands digit of 2394833?
4
What is the tens digit of 643337?
3
What is the hundreds digit of 374190?
1
What is the hundred thousands digit of 2879802?
8
What is the ten thousands digit of 23522337?
2
What is the units digit of 153955?
5
What is the ten thousands digit of 8627151?
2
What is the ten millions digit of 22264758?
2
What is the hundred thousands digit of 39279873?
2
What is the hundreds digit of 34870?
8
What is the units digit of 3516?
6
What is the units digit of 209359?
9
What is the ten thousands digit of 491605?
9
What is the ten thousands digit of 1306370?
0
What is the hundred thousands digit of 13556202?
5
What is the millions digit of 2515538?
2
What is the thousands digit of 1030388?
0
What is the units digit of 169295?
5
What is the units digit of 9473139?
9
What is the hundred thousands digit of 5112238?
1
What is the tens digit of 552946?
4
What is the units digit of 216971?
1
What is the hundreds digit of 632391?
3
What is the tens digit of 55353?
5
What is the ten thousands digit of 78715?
7
What is the millions digit of 13937759?
3
What is the thousands digit of 2189691?
9
What is the thousands digit of 16058070?
8
What is the hundred thousands digit of 9599894?
5
What is the ten thousands digit of 10949085?
4
What is the hundreds digit of 20166?
1
What is the units digit of 603238?
8
What is the units digit of 2282989?
9
What is the tens digit of 767577?
7
What is the tens digit of 17675296?
9
What is the hundred thousands digit of 6868239?
8
What is the ten thousands digit of 123899?
2
What is the units digit of 1493298?
8
What is the ten thousands digit of 3673506?
7
What is the units digit of 85227?
7
What is the thousands digit of 6380898?
0
What is the thousands digit of 21553968?
3
What is the hundreds digit of 7126881?
8
What is the ten thousands digit of 22880?
2
What is the millions digit of 5814711?
5
What is the hundreds digit of 13060644?
6
What is the hundreds digit of 1061284?
2
What is the thousands digit of 1224660?
4
What is the hundreds digit of 500493?
4
What is the hundreds digit of 7620595?
5
What is the tens digit of 133536?
3
What is the units digit of 2279582?
2
What is the thousands digit of 497795?
7
What is the millions digit of 11987945?
1
What is the hundreds digit of 466798?
7
What is the millions digit of 1421037?
1
What is the hundreds digit of 188126?
1
What is the tens digit of 15541455?
5
What is the hundred thousands digit of 2318657?
3
What is the ten thousands digit of 5776713?
7
What is the hundred thousands digit of 1513048?
5
What is the ten thousands digit of 461769?
6
What is the ten thousands digit of 10939719?
3
What is the thousands digit of 6929409?
9
What is the hundreds digit of 2290354?
3
What is the units digit of 3506572?
2
What is the hundreds digit of 3549138?
1
What is the tens digit of 2128100?
0
What is the hundred thousands digit of 849765?
8
What is the hundreds digit of 9098571?
5
What is the ten thousands digit of 3093524?
9
What is the ten thousands digit of 14644589?
4
What is the units digit of 68124?
4
What is the units digit of 2299178?
8
What is the tens digit of 11400022?
2
What is the thousands digit of 1394342?
4
What is the thousands digit of 2959359?
9
What is the units digit of 145376?
6
What is the thousands digit of 459100?
9
What is the ten thousands digit of 3410951?
1
What is the hundreds digit of 123298?
2
What is the ten thousands digit of 5736790?
3
What is the hundreds digit of 170539?
5
What is the thousands digit of 1709080?
9
What is the ten thousands digit of 151526?
5
What is the units digit of 3047718?
8
What is the hundreds digit of 11672?
6
What is the tens digit of 162244?
4
What is the tens digit of 9566451?
5
What is the units digit of 24426104?
4
What is the hundreds digit of 28635283?
2
What is the tens digit of 142290?
9
What is the hundreds digit of 506156?
1
What is the tens digit of 29921?
2
What is the hundred thousands digit of 273860?
2
What is the hundreds digit of 1753392?
3
What is the thousands digit of 13055140?
5
What is the millions digit of 3689293?
3
What is the hundred thousands digit of 1982068?
9
What is the thousands digit of 21246014?
6
What is the units digit of 2746673?
3
What is the hundred thousands digit of 28324239?
3
What is the tens digit of 8941575?
7
What is the thousands digit of 61277?
1
What is the units digit of 53732?
2
What is the hundreds digit of 13511469?
4
What is the hundreds digit of 2543786?
7
What is the tens digit of 1125887?
8
What is the hundreds digit of 17835611?
6
What is the hundreds digit of 290379?
3
What is the units digit of 1118268?
8
What is the hundred thousands digit of 369867?
3
What is the tens digit of 808406?
0
What is the hundred thousands digit of 984673?
9
What is the hundred thousands digit of 606711?
6
What is the hundred thousands digit of 228557?
2
What is the hundred thousands digit of 1153540?
1
What is the tens digit of 35322?
2
What is the hundred thousands digit of 212314?
2
What is the units digit of 1145765?
5
What is the thousands digit of 665429?
5
What is the thousands digit of 29042624?
2
What is the thousands digit of 37632370?
2
What is the ten thousands digit of 1780670?
8
What is the hundred thousands digit of 288715?
2
What is the thousands digit of 128399?
8
What is the thousands digit of 1691063?
1
What is the units digit of 620704?
4
What is the hundred thousands digit of 307893?
3
What is the thousands digit of 286396?
6
What is the thousands digit of 183945?
3
What is the tens digit of 1659751?
5
What is the ten thousands digit of 304964?
0
What is the tens digit of 89426?
2
What is the units digit of 256534?
4
What is the hundreds digit of 561415?
4
What is the units digit of 247486?
6
What is the units digit of 159316?
6
What is the millions digit of 9674240?
9
What is the hundred thousands digit of 3034309?
0
What is the hundred thousands digit of 28494028?
4
What is the hundreds digit of 86083?
0
What is the units digit of 2558?
8
What is the units digit of 1220273?
3
What is the hundred thousands digit of 260723?
2
What is the tens digit of 343925?
2
What is the thousands digit of 151320?
1
What is the ten thousands digit of 283380?
8
What is the ten millions digit of 10318352?
1
What is the hundreds digit of 84565?
5
What is the ten thousands digit of 6314436?
1
What is the thousands digit of 576805?
6
What is the units digit of 11972041?
1
What is the units digit of 413576?
6
What is the ten thousands digit of 29496041?
9
What is the units digit of 3369997?
7
What is the units digit of 470423?
3
What is the thousands digit of 7635506?
5
What is the thousands digit of 5221666?
1
What is the tens digit of 489639?
3
What is the tens digit of 25236413?
1
What is the hundreds digit of 245510?
5
What is the thousands digit of 14805281?
5
What is the hundred thousands digit of 1569764?
5
What is the hundreds digit of 124325?
3
What is the tens digit of 305735?
3
What is the millions digit of 8549168?
8
What is the hundred thousands digit of 5865662?
8
What is the units digit of 1475598?
8
What is the units digit of 14497